*u**4/3 - 19*u**3/3 + 8*u**2 - u. Let l be w(-21). Let m(q) = q**3 - 3*q**2 - 2*q - 2. Give m(l).
6
Let l(w) = 322*w + 7 - 163*w - 158*w. Suppose 538 - 562 = -4*o. What is l(o)?
13
Let m(y) = 17*y + 14. Let g(c) = -9*c - 8. Let u = -133 + 127. Let w(p) = u*m(p) - 11*g(p). Let a(v) = v - 8. Let t be a(3). Give w(t).
19
Let j = 5624 + -5619. Let o(h) = h**3 - 7*h**2 + 3*h + 4. Determine o(j).
-31
Let k(y) = -y**2 - 20*y + 6. Let g(j) = -2*j**2 - 46*j + 12. Let c(q) = 4*g(q) - 9*k(q). Calculate c(-4).
26
Let s be ((-6)/(-8))/(66/24 + -2 + -1). Let r(x) be the third derivative of x**5/60 + x**4/4 - x**3/3 + 13*x**2. What is r(s)?
-11
Let c = -318 - -320. Let g(y) = -204 + 3*y**2 + c*y**3 + y**3 - 4*y**3 + 211. Determine g(3).
7
Let l(z) = z**3 - z**2 - z - 6. Let o(g) = 4*g**3 + 19*g**2 + 32*g - 98. Let x(c) = 3*l(c) - o(c). Determine x(-20).
-20
Let u(z) = 29*z**2 + z + 1. Suppose -2*n + 20 = 5*l, -2*l + 5*l = 3*n - 9. Suppose 5*q + 8 = 3*j, 0 = -n*q - 4*j - j. What is u(q)?
29
Let h = -26 + 5. Let o be (h/9 - -2)*3. Let d(b) be the second derivative of -b**3/2 + b**2/2 + 2*b - 200. What is d(o)?
4
Let r be (-161)/(-28) + 9/(-12). Suppose -2*w + 3*w - 6 = -s, 4*w + 3 = r*s. Let c(t) = 3 - 6 + 5 + t**2 + s*t. Determine c(-4).
6
Let w(g) = 5*g**2 - 27. Let i(t) = 1. Let u(l) = 2*l**2 - 1. Let s(r) = -24*i(r) + 3*u(r). Let p(y) = 6*s(y) - 7*w(y). Calculate p(0).
27
Suppose -3136 + 2956 = 15*n. Let x(i) = i**2 + 13*i + 30. Calculate x(n).
18
Suppose 0 = -15*q + 16*q. Suppose q = 28*z - 123 + 11. Let h(s) = s**2 + 2*s - 4. Calculate h(z).
20
Let w(k) = 300*k**2 - 72*k**2 - 87*k**2 - 69*k**2 - 71*k**2 - 15*k + 45. Calculate w(11).
1
Let z(v) = v**3 - 4*v**2 - v - 5. Suppose 2*k - 1078 = -4*a, 6*k - 3*k = -2*a + 537. Suppose 0 = 11*r + a + 27. Let b = r - -32. Calculate z(b).
15
Let w(z) = -2*z**2 + 125*z - 302. Let f be w(60). Let k(j) = -18*j - 25. Calculate k(f).
11
Let o = 250 + -240. Let k(v) = v**2 - 6*v - 32. Let z be k(o). Let c(i) = -i**3 + 7*i**2 + 11*i - 12. Determine c(z).
12
Let a(p) = -11*p. Let j(f) = 61*f + 25. Let n(t) = -5*a(t) - j(t). Calculate n(-5).
5
Let z(p) be the second derivative of -1 - p**3 + 1/20*p**5 + 122*p + 1/4*p**4 + 7/2*p**2. Determine z(-5).
-13
Let r(j) = 115*j**3 - 55*j**2 + 62*j - 50. Let u(b) = 24*b**3 - 11*b**2 + 13*b - 10. Let d(k) = -5*r(k) + 24*u(k). Let n = -36 - -25. Calculate d(n).
-12
Let h = -34 - -37. Let i(d) = -3*d**2 + 22*d - 3. Let p(o) = -2*o**2 + 17*o - 3. Let a(u) = -4*i(u) + 5*p(u). Calculate a(h).
6
Suppose -2*q = 4*y - 3*q - 65, -y + 13 = 3*q. Suppose 0 = 51*n + y*n + 335. Let x(i) = -6*i**2 + 4*i**3 - i - 5*i**3 - 5*i + 1. Give x(n).
6
Suppose -5*g = -1975 + 1950. Let w(o) = -11*o + 35. Give w(g).
-20
Let h = 31 - 31. Suppose 7*f - 13 + 118 = h. Let k be 84/f - (24/(-15))/(-4). Let n(s) = 3*s - 1. What is n(k)?
-19
Let o(b) = -b**2 - 530 + 1106 - 21*b - 553. Determine o(1).
1
Let h(x) be the first derivative of -x**4/4 - 7*x**3/3 - 31*x**2/2 - 100*x - 5023. What is h(-5)?
5
Let h be (2/3)/(6/45). Let x(k) = -5. Let v = -372 - -374. Let z(n) = -n + 11. Let q(r) = h*x(r) + v*z(r). Calculate q(-3).
3
Let b = 24 + -20. Suppose 0 = b*p + 24. Let d(l) be the third derivative of l**4/24 + l**3/3 + 2*l**2 + 184*l. Calculate d(p).
-4
Let a(t) = -14*t**2 + 491*t - 38. Let l be a(35). Let m(v) = -v**3 - 5*v**2 - 8*v. Determine m(l).
6
Let l(x) = -17*x**3 - 14*x**2 - 3*x - 4. Let c(w) = -5*w**3 - 3*w**2 - w. Let d(g) = 7*c(g) - 2*l(g). Determine d(5).
53
Suppose -4*y - 2*i = 38, 5*i - 5 - 20 = 5*y. Suppose -15 = -10*w + 15. Let h(j) = -7*j**2 + 11 + j**3 - 2*j**w + 0*j**3 + 9*j. Calculate h(y).
3
Let g(w) = -w - 10. Suppose -18*b = -3*b - 1695. Suppose -13*z + 48 - b = 0. Determine g(z).
-5
Let x(j) = 3*j**3 + 4*j**2 - 4*j + 2. Let l be 14/(-217) + (-396)/(-372). Calculate x(l).
5
Let i(u) = u**2 - 51*u - 341. Suppose 37*l - 80 - 2029 = 0. Give i(l).
1
Let b(c) = -28*c - 60. Let v(y) = -y**2 - 2*y - 1. Let q(z) = 2*b(z) + 2*v(z). Let u be q(-28). Let a(m) = 2*m + 14. Give a(u).
-6
Let r(w) = 154*w + w**2 - 285*w - 14*w**2 - 1 + 129*w. Let q(h) = h + 0*h + 1 - 1 - 8. Let l be q(7). Determine r(l).
-12
Let a(g) = -2*g - 1 + 20*g**2 + 9*g + 119*g**3 - g + 5*g + 3. Let m(j) = -59*j**3 - 9*j**2 - 5*j - 1. Let r(f) = 4*a(f) + 9*m(f). Give r(-1).
54
Let r(m) = -9*m**3 - m + 1. Let n(k) = -4*k - 23 - k**2 + 26*k + 4*k**2 - k**2. Let w be n(-12). Determine r(w).
-9
Suppose -2 = 8*v - 26. Let p(b) = -614 + v*b + 308 + 310. Calculate p(-3).
-5
Let v(p) = -139*p - 214. Let b(s) = -53*s - 80. Let l(f) = -21*b(f) + 8*v(f). Calculate l(20).
-12
Let o(y) = -3*y**2 + 149*y - 54. Let n(f) = f**2 - 40*f + 18. Let q(l) = -7*n(l) - 2*o(l). Determine q(-21).
-81
Let o(a) = -a - 7. Suppose 5*g - 2*x - 295 = 3*x, -2*g - 4*x = -124. Suppose 77*y = 87*y + g. Determine o(y).
-1
Let g(q) = -2*q**2 + 31*q - 41. Let n be g(14). Let l(s) = 16*s**2 - 14*s + 6. Let i(f) = 15*f**2 - 12*f + 5. Let h(o) = -7*i(o) + 6*l(o). Give h(n).
-8
Let g(x) = x**2 - x - 7. Suppose 0 = -d + 5*w - 17, 5*d - w = -5 + 16. Calculate g(d).
-1
Let m(b) be the first derivative of 554*b**2 + 553*b**2 - 1106*b**2 + 15*b - 32. Suppose 10 - 20 = n. Determine m(n).
-5
Suppose 0 = -5*d - 0*d. Suppose -n + 42 = -d. Let c(f) = -n + f**3 + 7*f**2 + 14 - f + 12 + 7. Calculate c(-7).
-2
Let s(l) = -7*l**3 + 2*l**2 + 2*l + 1. Let v be 2*((4 - 1) + -2). Suppose p + v = 0, 2*p + 1 - 3 = -r. Suppose 5*d - 1 + r = 0. What is s(d)?
8
Let l(m) be the second derivative of -m**2 + 0 - 51*m + 1/6*m**3. Calculate l(-2).
-4
Let w(j) = j**3 - j**2 - 7*j - 7. Let q be w(4). Suppose q = 2*v + 3*d - 8*d, -4*v - 5*d - 49 = 0. Let l(k) = -k**2 - 4*k - 5. Calculate l(v).
-17
Let l(f) be the third derivative of -f**6/120 + f**5/5 + 3*f**4/4 - 9*f**3 - 1580*f**2 + 2. Give l(13).
11
Let x(l) = -33*l - 24249*l**2 + 12128*l**2 + l**3 + 12128*l**2 - 23. Calculate x(-10).
7
Let k(v) = -1 + 0 + 0*v + 2*v. Suppose -29*l - 72 + 19 = 92. Calculate k(l).
-11
Let h(q) be the third derivative of -q**5/12 - 13*q**4/24 + 4*q**3/3 - 309*q**2. Let k(a) = 11*a**2 + 27*a - 18. Let o(p) = 13*h(p) + 6*k(p). Determine o(6).
-10
Let w(v) be the second derivative of v**6/120 - v**5/10 + v**4/12 - 2*v**3/3 + 119*v**2/2 - v - 4. Let l(y) be the first derivative of w(y). Calculate l(6).
8
Let w(k) = 768*k - 1489*k + 727*k + 3. Let u = 3 - 7. What is w(u)?
-21
Suppose -4*p = 4*l - 9*l - 33, 2*l = 3*p - 23. Suppose p*i - 6*i = 3. Let m(f) = -4*f - 1 - f**3 + 52*f**2 - 27*f**2 - 21*f**2. Determine m(i).
-4
Let v be -18*(-10)/(-300)*((-1 - -8) + -2). Let g(q) = -q**3 - 3*q**2 + 4*q + 14. Determine g(v).
2
Suppose -6 = n - 0*n, 0 = 3*m + n - 3. Let v(k) be the third derivative of 0*k + 1/12*k**4 + 1/6*k**m + 1/60*k**5 - 1/30*k**6 + 0 + 23*k**2. Calculate v(2).
-23
Suppose 4*q = -0*q + 20. Let m(n) = q*n - n - 1 - n**2 + n. Let g be (-9)/6*(-360)/108. Calculate m(g).
-1
Let d(b) = -b**2 + b. Let m(t) be the second derivative of -t**5/20 - t**4/4 + 5*t**3/6 + t**2 - 88*t. Let k(y) = -4*d(y) + m(y). What is k(3)?
-13
Let v(s) = 7*s - 70. Let b(o) = 9*o - 71. Let a(u) = 2*b(u) - 3*v(u). Let n be a(26). Let h(d) = -d**2 - 12*d - 10. Give h(n).
10
Suppose 1580 - 628 = -4*m. Let o = -227 - m. Let v(r) = r - 10. Determine v(o).
1
Let u(o) = 17*o**3 - 10*o**2 - 10*o + 46. Let h(s) = -8*s**3 - s**2 + 3*s - 1. Let r(i) = -2*h(i) - u(i). Give r(12).
4
Let t(y) = y - 11. Suppose -92 = -35*q - 22. Suppose 0 = q*i + 3*k - 25, -2*i - 5 = -k - 18. Determine t(i).
-3
Let l = -2 - 1. Let x(a) = -110*a**2 + 30*a - 101*a**2 - 31*a - 1 - 92*a**2 + 409*a**2 - 107*a**2. What is x(l)?
-7
Let i(j) = 0*j + j + 0*j - 86 + 84. Suppose -15*y + 12*y = -9. Calculate i(y).
1
Let s(m) be the first derivative of -m**4/4 - 5*m**3/3 - m**2/2 - m - 47. Let y = 18 - 23. Let q be (1/y - (-42)/(-140))*4. Give s(q).
-11
Let d be (-6)/(-2) - (-8)/4. Let a be 4 - 7/((-21)/(-6)). Let z(t) = -77*t + 4*t**2 - t**3 + 75*t - a + d. Calculate z(2).
7
Let b be (-2)/(-8) + 126/(-24). Let z(f) = 7*f**2 + f**3 - 7 + 43*f + 2*f - 34*f. What is z(b)?
-12
Suppose 10 = m + m + 2*t, 4*m - t = 5. Let w(y) = 11*y**2 + y**3 - m - 2*y - 7*y**2 + 2*y**2 + 0*y. Let l = -385 + 379. Calculate w(l).
10
Let a(h) = -h**3 + h**2 - 2*h - 11. Let b be a(-2). Let u(y) = -1 - 5 + 5 - b*y + 